.
6
Let p be (-1)/(-2) - 3/(-2). Let w(i) = 1. Let j(y) be the second derivative of y**3/6 - 2*y**2 + 2*y. Let l(f) = p*w(f) + 2*j(f). Calculate l(5).
4
Suppose -6*s + 3*s = -24. Let f = -1 + s. Suppose -27 + f = -4*k. Let x(z) = -z + 2. Give x(k).
-3
Suppose 0*s = -s + 9. Let v = s + -3. Let p = v + -1. Let i(c) = -c**2 + 7*c - 1. What is i(p)?
9
Let q(z) = z - 2*z - 29 + 33 - 5*z**2 + 4*z**2. Calculate q(3).
-8
Let t(p) = p**3 - 5*p**2 + p + 2. Let o be (-188)/16 + 2/(-8). Let z be o*((-5)/2)/5. Let y = z - 1. Give t(y).
7
Suppose 8*x - 3*x - 20 = 0. Suppose 2*q - 3 = 1. Let p(s) = -2*s + 1 + q + 1 - 2. What is p(x)?
-6
Let p(v) = 6*v**3 + 9*v**2 + 31*v - 6. Let d(c) = -c**3 - 2*c**2 - 6*c + 1. Let u(r) = -11*d(r) - 2*p(r). Calculate u(5).
-4
Let o = -57 - -57. Let m(w) = w**2 + w - 6. Calculate m(o).
-6
Let w(c) = -c**2 - 2*c + 2. Let g = -11 + 8. Give w(g).
-1
Let u(q) = q + 1. Let l(c) = c**2 + 8*c + 4. Let v be l(-2). Give u(v).
-7
Let o(t) = -2*t**2 - 5*t + 7. Let k(p) = 3*p**2 + 7*p - 10. Let r(v) = 5*k(v) + 7*o(v). What is r(4)?
15
Let a(i) = 1. Let b(t) = t**2 - 4*t - 3. Let h(x) = -5*a(x) - b(x). Let p = 19 + -14. Determine h(p).
-7
Let m(f) = -3*f**3 + 1 + 4*f**3 + 6*f**2 + 2*f + 0*f**2 + 2*f. Determine m(-6).
-23
Let m(g) = g**2 + g - 3. Let x(z) = z**2 - 4. Let o be x(2). What is m(o)?
-3
Let a(f) = 2*f**2 + f + 1. Let b(x) = 5*x**2 + 3*x. Let o(g) = -2*a(g) + b(g). Calculate o(4).
18
Let a(p) be the first derivative of p**2 + 6*p + 22. Calculate a(-4).
-2
Let s = -13 + 17. Let n(m) be the third derivative of m**6/120 - m**5/20 - 5*m**4/24 + m**3/3 - 2*m**2. What is n(s)?
-2
Let j be (0 + 1)/((-3)/(-15)). Suppose 2*z - 6 - 8 = -5*n, 20 = j*n. Let h(b) = b**3 + 4*b**2 - 1. Determine h(z).
8
Let s(x) = x**3 + 3*x**2 - 3*x + 3. Let g be 8/6*(0 - -15). Suppose 0 = -4*l + 9*l - g. Suppose 2 = -l*q - 14. Calculate s(q).
-1
Let o(k) = 26*k + 2 - 28*k - 3. What is o(-3)?
5
Let a(v) = v. Let p = -1 + 12. Suppose -8 = -f - m, -2*m - 2 = -2*f - 2*f. Suppose -2*n + 3*i = -p, i = f*n + 2*i. What is a(n)?
1
Let a be 0*(0 + 2)/4. Suppose a = -0*u + 2*u + 16. Let z = 4 + u. Let f(l) = -l**3 - 3*l**2 + 7*l + 6. What is f(z)?
-6
Let i be 92/6 + 2/(-6). Let m be (-24)/(-10) + (-6)/i. Suppose -m - 4 = -3*z. Let h(n) = 2*n**2 - 3*n. What is h(z)?
2
Let w(n) = 2*n**2 - n - 6. Let y(j) = -1. Let c(h) = w(h) - 4*y(h). What is c(3)?
13
Suppose -5*c - j - 290 = 0, -232 = 4*c + j + j. Let k be c/(-10) + (-5)/(-25). Suppose 6 = 3*z - k. Let m(l) = -l**3 + 3*l**2 + 5*l + 1. What is m(z)?
5
Let q(m) be the second derivative of -m**2 + 1/12*m**4 - m + 0*m**3 + 0. Calculate q(2).
2
Let u(j) = -2*j + 2*j - j - 8*j**2. Determine u(1).
-9
Let f(r) be the third derivative of r**9/60480 - r**8/4032 - r**7/720 - r**6/240 + r**5/15 + 2*r**2. Let i(m) be the third derivative of f(m). Determine i(6).
-9
Let u(r) = 8*r. Let q be u(3). Suppose 2*v - 6*v = -q. Let o(f) = 6 + 9 - v + f. Determine o(0).
9
Let q(n) = -6 + n**2 + 3*n - 2*n - 5*n. Suppose 4*y - 18 = 5*o - 2*o, -32 = -4*y - 4*o. Suppose 0 = 5*g - 19 - y. Give q(g).
-1
Let k(i) = -2*i**2 - i - 3. Suppose 3*o - 7 = g - 13, 2*o - 9 = 5*g. Determine k(o).
-18
Let l(q) = q**2 + 6*q + 6. Let m(d) = d**2 - 5. Let x be (2 + -1)*(5 + 0). Suppose 0*y = x*y. Let r be m(y). Give l(r).
1
Let y = -107 - -102. Let q(s) = -s**3 - 4*s**2 + 6*s + 6. Calculate q(y).
1
Suppose -4*t = -5*q - 12, 2*t - 6 = -q - q. Let s(l) = -l**3 + 5*l**2 - 5*l + 2. What is s(t)?
5
Let j(h) = -5*h + 3. Let u(o) = o - 1. Let p = 7 + -9. Let x(z) = p*j(z) - 9*u(z). What is x(-6)?
-3
Let r(a) = -3*a + 3. Let x(n) = 16*n - 16. Let g(k) = 22*r(k) + 4*x(k). Suppose w + w = 4*p + 2, 5 = -4*p + 5*w. Suppose h + p*h = 2. What is g(h)?
-2
Let p = 0 - -4. Suppose 0 = p*w - 2*s - 3*s - 32, 2*s = 2*w - 14. Suppose -w*r + 5 = 5*u + 2*r, 0 = r - 3. Let z(i) = -2*i**3 - 2*i**2. What is z(u)?
8
Let s(k) be the first derivative of k**4/4 + k**3/3 + k**2/2 + 2*k + 1. Let x(j) = -5*j**3 - 4*j**2 - 5*j - 11. Let q(l) = 11*s(l) + 2*x(l). What is q(-3)?
-3
Let d(n) = -3*n**3 - 7*n**2 + 3*n + 1. Let q(w) = 16*w**3 + 36*w**2 - 16*w - 6. Let u(y) = 11*d(y) + 2*q(y). Calculate u(-5).
-6
Let h(b) = -5 - 7*b**2 - 2 - 8*b + 0 - b**3. Determine h(-6).
5
Let d(q) = 0*q - q + 0 + 4*q**3 - 1 - 6*q**3. Calculate d(-1).
2
Let g = -3 - -3. Let v(r) = -2 + g*r**2 + r + 1 + r**2 + 0*r. Determine v(0).
-1
Let x(f) = f**2 - 5*f - 9. Suppose q - 6 = -0. Let k(t) = -t**2 + 4*t + 8. Let y(b) = q*k(b) + 5*x(b). Suppose -6*w = -2*w. Determine y(w).
3
Let p(m) be the third derivative of -m**4/4 + m**3/6 - 6*m**2. What is p(-1)?
7
Let d be 21/3*12/14. Let z(u) = -u + 7. What is z(d)?
1
Let f(x) = -4 + 13*x - 31*x + 4*x + 2*x**2 + 13*x. Calculate f(3).
11
Let l be -3 - -5 - (3 - 3). Let v(d) = d**2 - 6*d**2 + 1 + 6*d**l + 2. Determine v(-3).
12
Suppose -3*r - 5*u = 2, 0 = 4*u - 1 + 5. Suppose 5*v = 3*m + r + 1, 2*v = m. Let b(g) = 2*g**3 + 2*g + 4*g**2 + 0*g + 0*g - 1. Determine b(v).
-5
Suppose 0 - 15 = -5*p. Let s(j) = -1 - j**2 - p + 2*j + 5. Let m(v) = v + 9. Let w be m(-5). Give s(w).
-7
Let z(s) = -s. Suppose 4*c + 8 = 3*x - 11, 4*x = 20. Let n(r) = -2*r**2 + 2*r + 1. Let m(u) = c*n(u) - 4*z(u). Determine m(-2).
3
Let r(h) = 30*h + 3. Let m(l) = 10*l + 1. Suppose -4*w = 4*t - 2*t, -4*t + 5 = 3*w. Let c be (2/(-6))/(w/(-9)). Let x(y) = c*r(y) + 8*m(y). Determine x(-1).
9
Suppose 0*t + 16 = 4*t + 5*k, -5*t - 1 = k. Let i = t - -5. Let a(j) = j**2 - 6*j + 3. Calculate a(i).
-5
Let y(w) = -22 - 24 + 3*w + 43 + w. Calculate y(-3).
-15
Let i(h) = 4*h**2 + 6*h - 9. Let r(c) = -5*c**2 - 6*c + 9. Let k(v) = 4*i(v) + 3*r(v). Determine k(-8).
7
Let s(d) = 3*d**2 - 2*d + 20. Let x(k) = k**2 - k + 7. Let o(q) = -6*s(q) + 17*x(q). What is o(-6)?
-7
Let r(i) be the third derivative of -i**4/24 - 2*i**3/3 - 22*i**2. What is r(-6)?
2
Let y = -5 - -12. Let d(a) = -a**3 + 8*a**2 - 6*a - 5. Let p be d(y). Let m(c) = 2*c**2 - 2*c**p - c**2 + 3 + 2*c**2 + 3*c. Determine m(-2).
1
Suppose 0 = -4*f - 92 + 120. Let a(c) be the third derivative of -c**4/24 + 11*c**3/6 - c**2. Determine a(f).
4
Suppose 36 - 13 = -3*f + h, -22 = 2*f - 2*h. Let c(v) = -2*v. Suppose k = 5 - 0. Let x(t) = -3*t. Let n(g) = f*c(g) + k*x(g). Determine n(2).
-6
Suppose s + 6 = 3*s. Suppose s*k - 2*k + 3*z = 18, -4*k = -3*z - 12. Suppose -w - k = -3*w. Let n(i) = -2*i. Give n(w).
-6
Let z(l) = l - 7. Let a be z(12). Let i(w) = -w + a*w - 3*w + 1. Calculate i(-2).
-1
Let t(w) = 13*w**2 - 11*w + 12. Let x(c) = -3*c**2 + 3*c - 3. Let f(u) = 2*t(u) + 9*x(u). Give f(4).
1
Let f be -5 - ((0 - 2) + 0). Let s(b) = -b**3 - 3*b**2 + b - 1. What is s(f)?
-4
Let b(x) = 4*x. Let m(w) = 3*w. Let o = -14 - -10. Let l(d) = o*b(d) + 5*m(d). Give l(0).
0
Let d(p) be the second derivative of -p**5/20 - p**4/12 - p**3/3 - 5*p. What is d(-2)?
8
Let u(q) = -q - 8. Let y be (0 - 0)*(-2 + 3). Suppose -5*a = 2*b - 3*b - 31, -4*b + 3*a - 39 = y. Give u(b).
-2
Let h(b) be the third derivative of -b**6/120 - b**5/30 + b**3/6 + 7*b**2. Calculate h(-2).
1
Suppose -10*n + n = 0. Let s(c) = -c**3 + c + 12. Determine s(n).
12
Suppose -2*s = -5*s. Let f(d) = -d**2. Determine f(s).
0
Let w(x) = -x. Let m be w(-3). Let g(p) = -p**m + 2*p + 6*p**2 + 1 - p**2 + 2 - 7*p. What is g(3)?
6
Let i(r) = -r - 2. Let n be i(-8). Suppose 6*a + 5*d = 7*a - 10, -4*a - 3*d - n = 0. Let z(v) = -v**3 + v**2 + v - 4. Give z(a).
-4
Suppose 4*r + 19 = 4*j + r, 2*r = -4*j - 6. Let p(g) = -g**2 - g + 1. Determine p(j).
-1
Let c(u) = -u - 3 + 5 + 3. Let p be ((-5)/(-2))/((-4)/(-8)). Give c(p).
0
Suppose -10*b + 13*b + 3 = 0. Let d(w) be the third derivative of -w**5/60 + w**4/12 + w**3/6 - 2*w**2. Give d(b).
-2
Let i(y) be the second derivative of -y**4/12 - y**3/6 + y**2 + y. Let d be (-3)/9 - (15/9)/1. What is i(d)?
0
Let u = -3 - -5. Let m(t) = 1. Let z(k) = -2. Let b(n) = -n - 1. Let d(x) = -2*b(x) + z(x). Let c(r) = d(r) + 2*m(r). Determine c(u).
6
Let c(o) = -4*o + 1. Let a(i) = -i**2 + 7*i - 11. Let g be a(5). Determine c(g).
5
Let t(f) be the second derivative of -f**4/12 - f**3/3 + f**2/2 - 6*f. What is t(1)?
-2
Let j(v) = 3*v**2 + v. Let c(a) = a**2 + 12*a + 12. Let t be c(-11). Determine j(t).
4
Let c(h) = -h**2 - 4*h - 2. Suppose 0 + 20 = 4*m. Let o(q) = 2*q - 10. Let u be o(11). Suppo